 first derivative of m(p). Calculate k(7).
0
Let s = 0 - -6. Let w(i) = i - 1. Let n(o) = o**2 + 2*o - 14. Suppose -5*m - 2*q - 2*q = 42, 4*m = -2*q - 30. Let p(a) = m*w(a) + n(a). Calculate p(s).
4
Let r(z) = 12 + 9 - 9*z - 9 + 20*z + z**2. Determine r(-10).
2
Let w(p) = -5*p**2 - 2*p - 1. Suppose 7 = -15*r + 8*r. What is w(r)?
-4
Let x(n) be the first derivative of n**4/4 - n**3 + 3*n + 1. Let s be 9/2 + (16 - 350/20). Give x(s).
3
Let j(d) = d**2 - 11. Suppose -1012 = b + 10*b. Let c = b - -92. Give j(c).
-11
Suppose -4*d - 42 = -25*d. Let m(z) be the second derivative of 0 + 5*z - 1/3*z**3 + 1/2*z**d. What is m(2)?
-3
Let x(f) = -f**2 + 14*f + 19. Let j(y) = y**2 - 14*y - 20. Let d(r) = 2*j(r) + 3*x(r). Let n be d(15). Let z(s) = s**n - 1 + 4*s - 7*s - 1. Calculate z(4).
2
Let p(c) = -3*c - 4. Suppose 11*f - 8*f = 4*t + 13, -5*t = 5*f + 25. Calculate p(t).
8
Let q(x) = 5*x**3 - 28*x**2 + 26*x + 37. Let t(n) = -14*n**3 + 81*n**2 - 76*n - 111. Let r(z) = 17*q(z) + 6*t(z). What is r(-11)?
-4
Let h(s) = -8*s**2 + 6*s + 2. Let z(t) = 6*t**2 - 5*t - 1. Let j(c) = 5*h(c) + 7*z(c). Give j(3).
6
Let k(p) = 2*p - 8. Let a(b) = -3*b**3 + 2*b**2 - 1. Let t be a(-2). Let u(j) = -4*j - 49. Let z be u(-22). Let w = z - t. Determine k(w).
8
Let n(p) be the first derivative of 18 + 5/2*p**2 - p. Give n(1).
4
Let y(r) = -22*r + 5. Let n(c) = 7*c - 2. Let m be (-1 + 20/6)*3. Let w(b) = m*n(b) + 2*y(b). Calculate w(3).
11
Suppose -k - 3 = -4*k. Let o be 1 + 1/k + 0. Suppose 2*h = -6 - o. Let p(z) = -3*z - 3. Determine p(h).
9
Let g(d) be the first derivative of d**7/840 + d**6/72 + d**5/60 - d**4/12 + 2*d**3 + 7. Let w(b) be the third derivative of g(b). Calculate w(-3).
10
Let x(k) = k + 1. Let p(q) = -43*q + 3. Let y be p(-2). Let l = y + -95. Give x(l).
-5
Let f(r) = -r + 4. Let u(s) = -s + 7. Let w(t) = 5*f(t) - 4*u(t). Give w(5).
-13
Let d(n) = 5*n + 12. Let o(v) = v + 1. Let h(f) = d(f) - 3*o(f). Calculate h(0).
9
Let q(m) = -119*m + 1200 + 120*m - 1217. Give q(21).
4
Let k(m) be the third derivative of -m**4/24 - 4*m**3/3 + 2*m**2 - 6. Give k(0).
-8
Let b(a) = 6*a + 16. Let s be b(5). Let h = s + -39. Let u(t) = -1 - 6*t**2 - 1 + h*t**2 + 6*t. What is u(-6)?
-2
Suppose 2*w - 135 = 7*w. Let d = w + 30. Let y(t) = t**2 - t + 1. Determine y(d).
7
Let k(y) be the third derivative of y**4/24 + y**3 - y**2. Suppose -2*o + 8 = 0, 2*g - 3*g = -3*o + 11. Let f be g/((-1 + -2)/18). Determine k(f).
0
Let v = -2611 - -2613. Let l(p) = -3*p**3 + p**2 - p. Determine l(v).
-22
Let n be (9/(-2) - -3)*-2. Let u(i) = -i**2 + 8 - 3*i**2 + 6*i - 10 + n*i**2. Let z(v) = v**3 - 3*v**2 - 2*v - 3. Let t be z(4). Give u(t).
3
Suppose 4*q - 16 = 2*s, q = -5*s - 18 + 11. Let f = 9 + -5. Let z(t) = 3 + 2*t + 1 - f*t. Calculate z(q).
-2
Let x = 28 + -28. Suppose x = -2*t + 5*s - s - 2, 3*t - 5*s = 0. Let m(u) = u**3 - 4*u**2 - 4*u - 7. Determine m(t).
-2
Let n(p) = 21*p - 22*p - 2*p - 18. Calculate n(-11).
15
Let p(k) = 2*k**2 - 6 + 2*k**2 - k**3 + 4*k**2 - 9*k + 3*k**2. Let i be p(10). Let s(o) = -2*o + 7. Let g be s(i). Let m(t) = t**2 + 1. Determine m(g).
2
Let f(p) = -2*p**3 - 8*p**2 - 18*p - 1. Let a(s) = 3*s**3 + 9*s**2 + 22*s + 2. Let m(d) = -3*a(d) - 4*f(d). Determine m(6).
-2
Let w(t) = -19*t**3 - t**2. Let y(j) = 3*j**2 - 12*j - 35. Let g be y(6). Give w(g).
-20
Let i(b) = -3*b**3 + 12*b**2 + b - 4. Let o(t) = 2*t**3 - 6*t**2 - t + 2. Let w(m) = 3*i(m) + 5*o(m). Suppose -80 = 5*d - 15. Let r = -19 - d. Calculate w(r).
10
Let z(n) = 9*n**2 - 14*n - 25. Let b(d) be the first derivative of -5*d**3/3 + 7*d**2/2 + 13*d + 25. Let a(o) = 11*b(o) + 6*z(o). Calculate a(-6).
-1
Let r(l) = -l + 3. Let n(z) be the third derivative of -z**6/120 + 19*z**5/60 - 3*z**4/4 + 5*z**3/6 + 50*z**2. Let k be n(18). Determine r(k).
-2
Let g(r) = -r**2 + 8*r - 9. Suppose 2*w + 76 = 21*w. What is g(w)?
7
Let j(q) = 22*q - 29. Let d(m) = -13*m + 15. Let s(w) = 5*d(w) + 3*j(w). Determine s(9).
-3
Let g(q) = q**2 + 3*q - 1. Let a be (2/4)/((-21)/168). What is g(a)?
3
Suppose 559 = -11*p + 482. Let r(s) = -s**3 - 8*s**2 - 10*s - 7. Give r(p).
14
Suppose -2*s - 3*s + 410 = -5*f, -3*f = -s + 84. Let g be s/(-15) + (-12)/(-30). Let t(n) = 2*n**2 + 7*n - 2. What is t(g)?
13
Let n(y) = -y**2 + 14*y - 4. Let u(x) = x**2 - 14*x + 5. Let z(r) = -2*n(r) - 3*u(r). Calculate z(13).
6
Let x(c) = -c**2 + 4*c - 2. Suppose -5*f - 20 = -5*w, -8 = -4*w - 4*f + 8. Suppose 0 = 3*u + 3*n - 5 - w, -u + 3 = -3*n. Determine x(u).
1
Let z(q) = -q + 3*q + 112 - 56 - q - 57. What is z(10)?
9
Let a = -56 + 58. Let i be (4 - (-1 + 2)) + 1. Let u(l) = -a*l + l**2 + i*l - 6 - l. Calculate u(0).
-6
Let v(h) = -h**3 - 17*h**2 + 17*h - 23. Let i be (-6)/(1 + (-8)/12). Let a be v(i). Let k(p) = -2*p**2 - 6*p + 7. What is k(a)?
-13
Let h(c) = -4*c**2 + c**3 + 6 - 6 - 3*c. Let x be -5 - (-35)/21*6. Determine h(x).
10
Let a(h) = -h**3 - 5*h**2 - 8*h - 3. Suppose 7*q - 517 = -538. Calculate a(q).
3
Let q be 10/25 - 16/(-10). Let f(p) = p**2 - 2*p**2 - 2 - 2*p**2 + 2*p**q - 7*p. Calculate f(-4).
10
Let k(w) = w + 2. Let n be 1/(-1 - (-18)/17). Let m = n + -17. Suppose m = g - 8 + 6. Give k(g).
4
Let b(h) = -2*h**2 + 2*h - 1. Let d(g) = -g**2 - 6*g. Let j be d(-4). Suppose -19*l + j = -15*l. Give b(l).
-5
Suppose 2*l + 3*j + 11 = 0, 10 = j - 3*j. Let s(u) = 0*u + 0*u**2 - 12 - l*u + u**2 + u. Let g be 1/5 - 3/15. What is s(g)?
-12
Let a(i) = 39*i**2 - 87*i**2 - 13*i + 34*i**2 + 0*i**3 - 6 - i**3. Determine a(-13).
-6
Let i(m) = 2*m - 13. Let a(j) = 11*j - 338. Let p be a(31). Determine i(p).
-7
Let t(j) = 298*j + 10 - 150*j - 149*j. Give t(11).
-1
Let r(a) = -a + 4. Let k(p) = -p + 7. Let f be k(4). Let m be (-20)/60 + 0 + (-11)/f. Determine r(m).
8
Let h be (6*9/15)/((-7)/175). Let w = -96 - h. Let s(j) = 2*j + 5. Calculate s(w).
-7
Let o(t) = 17*t + 2. Let d(u) = 9*u + 1. Let k(j) = -11*d(j) + 6*o(j). Give k(2).
7
Let a(x) be the third derivative of -x**6/120 + x**5/15 + x**4/12 + 5*x**3/6 - 82*x**2 - 1. What is a(5)?
-10
Let n(p) = 5*p. Suppose -8*y - 5*y + 9*y = 0. What is n(y)?
0
Let u be 0 - (-3 + 5) - 4. Let q(l) = l**2 + 6*l + 2. Give q(u).
2
Let w(s) = s**2 - 2. Let v be (-1)/((-3)/(-15)*1). Let h = v - -7. What is w(h)?
2
Suppose -3*l - i - 45 = 0, -l - 2*l - 33 = -3*i. Let y be l/3*15/(-2). Let c(n) = -y + 30 + 2*n - 4*n + n. Give c(-7).
2
Let n(u) = -u**2 + 4*u + 4. Suppose 30 = z + 2*z. Suppose -z = -6*v + 4*v. What is n(v)?
-1
Let o(z) = z - 88 + 10 + 81. Give o(2).
5
Let w(o) = -o**2 - 5*o + 3. Let s be 2/(16/108) + 6/4. Let x(b) = b**2 - 6*b + 3. Let z be x(7). Let v = z - s. Determine w(v).
3
Suppose -5*m + 11 = -14. Let k(p) = -p - 4. Give k(m).
-9
Suppose 0 = 15*x - 20*x + 5*u - 15, -x + 3*u = 3. Let i(g) = 2*g**2 + 5*g + 5. Give i(x).
8
Suppose -1 = -2*r + 3. Let d(y) = -3*y + 2 + y - 2*y**2 - 2 + 2*y**3 + 1. Give d(r).
5
Let x(k) = -k**3 + 15*k**2 + 17*k - 17. Let t be 182/273*(23 - -1). Give x(t).
-1
Let r = 37 + -33. Suppose 2*o - d = 6*o - 33, -r*d = 5*o - 55. Suppose -3*n + 16 = -z, -2*z - 2*n + o*n - 29 = 0. Let u(l) = l + 9. Give u(z).
2
Let q(w) be the second derivative of w**4/12 - 2*w**3/3 + w**2/2 - w. Let s = -980 - -984. Calculate q(s).
1
Let r be (-1 - -7) + -5 + -4. Let o(f) = -3*f**3 + 4. Let t(v) = 4*v**3 + v**2 - v - 5. Let p(y) = r*o(y) - 2*t(y). Determine p(2).
2
Let q(t) = 10*t**2 - 18*t**2 - 2*t + 6*t**3 - 10 + t**2 - 5*t**3. Determine q(7).
-24
Let n(k) = k - 22. Let b be n(22). Let p(g) = -g**2 - g - 12. Calculate p(b).
-12
Let s(f) = 3*f**2 + 40*f + 30. Let d(w) = -w**2 - 13*w - 10. Let y(b) = -7*d(b) - 2*s(b). Let l be -9 + 45/(-60) - 3/(-4). Calculate y(l).
-8
Let m be (-9)/(-72) - 39/(-8). Suppose 7*n - m*n - 2 = 0. Let o(z) = -2 + z + n - 2*z + 7. What is o(0)?
6
Let m(l) = l + 3. Let k = -13 + 14. Let q = k + -2. Let d be 0/(3 + -3 - q). Give m(d).
3
Let d(x) = x**3 + x**2. Let w(g) = -4*g**2 + 3*g + 6. Let m(v) = d(v) - w(v). Let t = 1376 - 1381. Determine m(t).
9
Let a be (-1 - 36/21) + 4/(-14). Let b(j) = -j - 9. Let w be b(a). Let u(o) = -o**2 - 6*o - 2. What is u(w)?
-2
Suppose 0 = d + j + 16, j + 26 = d + 32. Let v(k) = -k**3 - 10*k**2 + 10*k - 14. Give v(d).
-3
Let j(f) = 7*f + 4. Let a be j(1). Let x(h) = -h + 8. Give x(a).
-3
Suppose 71 = -7*n + 106. Let s = 0 - -2. Let y(u) =